3 - 5*a**2 + a - 27. Let h be n(-6). Suppose s + f - 49 = 0, -2*s - h*f + 83 = -4*f. What is the highest common divisor of 264 and s?
44
Let x(q) = 2*q**3 - 7*q**2 - 3. Let k be x(5). Suppose 0 = o - 0*o - 10. Suppose 0 = j - o + 2. Calculate the highest common factor of k and j.
8
Let l be (512/(-224))/(4/(-14)). Let r(k) = -9*k - 4. Let s be r(-4). Calculate the highest common divisor of s and l.
8
Let x = 1118 - 1038. What is the highest common divisor of x and 85?
5
Let g(n) = -n**3 - 3*n**2 + 4. Let s be g(-6). Suppose 3*l - 4*z = 36, -3*l = 4*z - 7*z - 39. What is the greatest common divisor of s and l?
16
Let m = 0 - 11. Let t = 19 + m. Let x be ((-56)/(-70))/(1/50). Calculate the greatest common divisor of x and t.
8
Suppose 0*c + 16 = -8*c. Let w be (154/28)/((-1)/c). Calculate the greatest common divisor of w and 11.
11
Suppose 2*g = -0 + 18. Suppose 0 = 4*h + 21 - 29. Suppose 4*f - h*f = 54. What is the highest common factor of g and f?
9
Suppose 4*d - 2271 = -5*u, -2*u + 11 - 595 = -d. What is the greatest common divisor of 328 and d?
82
Let r = 9030 - 8955. Let d be 10/4*8/10. Suppose -2*f + 60 = d*f. Calculate the highest common factor of r and f.
15
Let x(u) = -3*u - 4. Let q be x(-3). Suppose -q*a = 10 + 100. Let h be (-994)/a - (-6)/(-33). What is the highest common divisor of h and 9?
9
Suppose 3*m = 2*m + 1. Let p be (m + 1)/(4/(-48)). Let a = p - -56. What is the highest common factor of 16 and a?
16
Let x(s) be the second derivative of 1/2*s**3 + 0*s**2 + 1/20*s**5 - 5/12*s**4 - 5*s + 0. Let u be x(5). What is the greatest common factor of 15 and u?
15
Suppose -s = -2*p, 0 = -9*s + 4*s - p. Suppose -4*u - 16 = -4, -t + u + 107 = s. Let l = -11 + 24. What is the greatest common factor of t and l?
13
Let x(s) = -s - 28. Let w be x(15). Let i = -24 - w. Calculate the highest common divisor of 76 and i.
19
Let d = 339 + -316. Calculate the greatest common factor of d and 2.
1
Suppose -w - 54 = -3*w. Suppose -x - 22 = -w. Suppose 0*t - x*t = -110. What is the greatest common divisor of 220 and t?
22
Suppose p = j - 7 - 3, -56 = -4*j - 4*p. Suppose 0 = -j*n + 3*n + 153. Calculate the highest common factor of n and 17.
17
Let y(b) = 17*b - 9. Let z be y(30). What is the highest common factor of z and 3?
3
Let v be ((1/(-3))/1)/(60/(-11700)). Calculate the highest common divisor of v and 13.
13
Let j = -7 + 27. Let l = 23 - j. Suppose -i = -4*m - 11, 4*i = -m - 3*m + 4. Calculate the highest common divisor of l and i.
3
Let x be (-12)/(-7) + (3 - (-19)/(-7)). Suppose -4*z + o + 341 = 0, -4*z + x*o = -2*o - 356. What is the highest common divisor of z and 12?
12
Suppose 24 = 5*i - 2*i. Let r = 1 - -1. Suppose 2*f + r*f = 32. What is the greatest common divisor of i and f?
8
Suppose 150 = 74*o - 69*o. What is the highest common factor of o and 24?
6
Let h = -18 + 21. Let a be 4/h*(-21)/(-14). Suppose 3*f + 5*b = 6*f - 528, 4*f + a*b = 704. Calculate the highest common divisor of f and 22.
22
Let o(l) = -l**3 - 14*l**2 + 23*l + 6. Suppose -3*c = 3, 3*c = 4*w + 71 - 10. Let j be o(w). What is the highest common divisor of j and 10?
10
Let t(j) = -5*j**3 + 3*j**2 - 2. Let k be t(-2). Suppose -k = -7*b + 5*b. What is the highest common divisor of b and 10?
5
Let q = -1 - -2. Let v(r) = -275*r - 279*r + 579*r - 1. Let p be v(q). What is the highest common divisor of p and 72?
24
Suppose -8*g + 902 + 1858 = 0. Calculate the highest common divisor of g and 207.
69
Let g = 37 - 13. Let r(j) = -4 + 0*j - 2*j - 2*j. Let i be r(-7). What is the greatest common divisor of g and i?
24
Suppose 0 = 6*z - 349 + 37. Let v = 98 - z. Let w = v - 32. What is the greatest common factor of 56 and w?
14
Let u be 4/(3/(15/(-2))). Suppose -41*f + 40*f = -189. Let m be (f/35)/((-2)/u). What is the greatest common factor of 9 and m?
9
Let c = 1450 - 1390. Let s(m) = 6*m**3 - 2*m**2. Let w be s(2). Calculate the greatest common divisor of w and c.
20
Let c(g) = 178*g + 4. Let n be c(2). What is the greatest common divisor of 225 and n?
45
Let p(l) = -2*l + 1. Suppose -2*h - 3*h = 0. Let t be (1 - 0) + h + -3. Let y be p(t). Calculate the greatest common factor of y and 25.
5
Let x be ((-8)/5)/((-8)/(-20)*-1). Suppose 0 = 2*w + 4 - 24. Suppose y - x = w. Calculate the greatest common factor of 98 and y.
14
Suppose 0 = 5*k - g - 495, -2*k - 72 = 5*g - 270. What is the greatest common factor of k and 9?
9
Let q(f) = -8*f + 7 + f**2 + 1 - 1. Let w be q(8). Suppose -2*a + 2*o = -o - w, 3*a + 3*o - 48 = 0. Calculate the greatest common factor of 44 and a.
11
Let v = -3 - -9. Let t = 100 + -34. What is the greatest common factor of t and v?
6
Suppose -57*i + 60*i - 2415 = 0. What is the highest common divisor of i and 35?
35
Suppose -5*r + 2*x + 93 = -297, 4*r - 4*x = 300. Suppose -3*k - k + 128 = 0. What is the highest common factor of r and k?
16
Let a be 2/((-15)/(-12) + -1). Let g(p) = 5*p. Let b(h) = 3*h**2 - 4. Let r be b(-2). Let n be g(r). Calculate the greatest common divisor of n and a.
8
Let c = -522 - -720. Calculate the highest common factor of 81 and c.
9
Suppose -2*h - 62 = 2*a, 0 = -3*h - a - 4*a - 101. Let q = h + 30. Suppose c - 48 = -c - q*m, -5*m = -5*c + 120. What is the highest common divisor of 12 and c?
12
Suppose -v = -0*v - 7. Suppose -v - 18 = -5*t. What is the highest common factor of t and 20?
5
Let r = -2637 - -4252. Calculate the highest common divisor of 95 and r.
95
Let b = 36 + -36. Suppose b = 5*g - 2*l - 96, g + l - 28 = -3*l. Suppose 0 = 4*r + k - 199, 3*r = -2*k + 148. What is the highest common divisor of r and g?
10
Let i = -61 - -105. Suppose -3*t + 0*t = 5*j - i, -3*t + 41 = 2*j. Calculate the greatest common divisor of t and 130.
13
Suppose 0 = 7*u + 7. Let w be u/(3/(-2) + 1). Calculate the greatest common factor of w and 10.
2
Suppose 0*c + 6*c = c. Suppose c = -5*g + 3*j + 2*j + 190, 2*g - 79 = 5*j. Calculate the greatest common factor of g and 333.
37
Let t(w) = -w**2 + 4*w + 72. Let y be t(0). Suppose -34 - 2 = -4*a. Calculate the greatest common divisor of y and a.
9
Let d = 365 - 359. Calculate the highest common factor of d and 498.
6
Let p be (-65)/(76/20 - 4). What is the greatest common factor of p and 25?
25
Let p be (-2)/(-6)*-9 + 355. Calculate the greatest common divisor of p and 32.
32
Suppose 0 = -8*p + p - 287. Let i = p + 49. What is the greatest common divisor of i and 56?
8
Let w(u) = -19*u - 1. Let z be w(-1). Let c be 9/z - 41/(-2). Calculate the greatest common divisor of 28 and c.
7
Let x be 4 + -2 + (-1 - 0). Let q be (-38*x)/(4/(-10)). Let f(l) = 2*l - 3. Let n be f(11). Calculate the highest common divisor of n and q.
19
Let c be ((1050/(-49))/(-5))/((-4)/(-28)). What is the greatest common factor of c and 20?
10
Let i be (-27)/15 - 72556/(-170). Calculate the highest common factor of i and 50.
25
Let x(j) = -231*j + 29. Let o be x(-3). What is the greatest common factor of 19 and o?
19
Let y be 1 - 0/((-3)/(-1)). Let i be (3 + 1 - 3) + y. Let w be i - (2*-18 + 2). What is the greatest common divisor of 90 and w?
18
Let d be 7 - (-87)/(3 + 0). What is the highest common factor of 3 and d?
3
Suppose -3*c = 3*v - 42, 4*c + 4*v = c + 40. Suppose 0 = 2*x - 16. What is the highest common divisor of x and c?
8
Let m be (-5 - -164) + -4 - (-1 + 3). Suppose 5*j + 0*j - 20 = 4*n, -20 = 5*j + 4*n. Suppose 4*g + 2 - 70 = j. What is the greatest common divisor of g and m?
17
Let w(r) = r**2 - 7*r + 10. Let t be w(9). Let h = t - 32. Let q(f) = 5*f**2 - 6*f - 9. Let y be q(h). Calculate the greatest common divisor of y and 38.
19
Suppose -5*a - 20 = 30. Let m be (-37)/(-5) + a/25. Suppose -4*j = h - 5, 5*h - 4*j - 120 - 1 = 0. Calculate the greatest common divisor of m and h.
7
Let w(n) = n**3 + 4*n**2 - 3*n + 5. Let m be w(-5). Let o be (-47)/m - 62/155. What is the highest common divisor of 63 and o?
9
Let d(s) = 37*s**3 + 2*s - 1. Let c be d(1). Let z = 53 - c. Let l(k) = 2*k**2 - k + 5. Let a be l(-5). Calculate the highest common divisor of a and z.
15
Suppose 0 = -11*q - 0. Suppose 5*r = 4*b + 157, q*r + 5*b = -r + 43. Let w = 28 - 17. What is the highest common divisor of r and w?
11
Let z be (-3)/4 - (-15)/20. Suppose 5*n + 4*j - 37 - 81 = z, -3*n + 81 = -j. Calculate the highest common divisor of